{"id":1936,"date":"2019-01-21T18:46:27","date_gmt":"2019-01-21T18:46:27","guid":{"rendered":"http:\/\/www.bufetefoz.com\/?page_id=1936"},"modified":"2020-11-13T14:50:51","modified_gmt":"2020-11-13T14:50:51","slug":"datenschutzpolitik","status":"publish","type":"page","link":"https:\/\/www.bufetefoz.com\/de\/datenschutzpolitik\/","title":{"rendered":"Datenschutzpolitik"},"content":{"rendered":"<div id='av_section_1'  class='avia-section main_color avia-section-default avia-no-border-styling  avia-bg-style-scroll  avia-builder-el-0  el_before_av_section  avia-builder-el-first   container_wrap fullsize' style='background-color: #02072f;background-image: linear-gradient(#02072f,#0f112d); '  ><div class='container' ><main  role=\"main\" itemprop=\"mainContentOfPage\"  class='template-page content  av-content-full alpha units'><div class='post-entry post-entry-type-page post-entry-1936'><div class='entry-content-wrapper clearfix'>\n<div  style='padding-bottom:10px; color:#ffffff;' class='av-special-heading av-special-heading-h1 custom-color-heading blockquote modern-quote modern-centered  avia-builder-el-1  avia-builder-el-no-sibling  text-header '><h1 class='av-special-heading-tag '  itemprop=\"headline\"  >Datenschutzpolitik<\/h1><div class='special-heading-border'><div class='special-heading-inner-border' style='border-color:#ffffff'><\/div><\/div><\/div>\n<\/div><\/div><\/main><!-- close content main element --><\/div><\/div><div id='av_section_2'  class='avia-section main_color avia-section-default avia-no-border-styling  avia-bg-style-scroll  avia-builder-el-2  el_after_av_section  avia-builder-el-last   container_wrap fullsize' style=' '  ><div class='container' ><div class='template-page content  av-content-full alpha units'><div class='post-entry post-entry-type-page post-entry-1936'><div class='entry-content-wrapper clearfix'>\n<div class=\"flex_column av_one_fifth  flex_column_div av-zero-column-padding first  avia-builder-el-3  el_before_av_three_fifth  avia-builder-el-first  \" style='border-radius:0px; '><\/div><div class=\"flex_column av_three_fifth  flex_column_div av-zero-column-padding   avia-builder-el-4  el_after_av_one_fifth  el_before_av_one_fifth  \" style='border-radius:0px; '><section class=\"av_textblock_section \"  itemscope=\"itemscope\" itemtype=\"https:\/\/schema.org\/CreativeWork\" ><div class='avia_textblock  '   itemprop=\"text\" ><p>F\u00fcr die Zwecke dieser Verordnung gilt Folgendes in der EU-Verordnung 2016\/679 vom 27. April 2016, dem Organgesetz 15\/1999 \u00fcber den Schutz personenbezogener Daten und der Verordnung 1720\/2007 informiert Bufete Foz &amp; Asociados die Benutzer \u00fcber Folgendes:<\/p>\n<p>1.- Der Verantwortliche f\u00fcr die auf dieser Website gesammelten pers\u00f6nlichen Daten ist Carles Foz Moreno, mit Sitz in Avinguda Alemanya 15 escalera A-5\u00ba-2\u00aa, 07003 Palma<\/p>\n<p>2.- Alle pers\u00f6nlichen Daten, die Sie Bufete Foz &amp; Asociados jederzeit freiwillig zur Verf\u00fcgung stellen, k\u00f6nnen an jede Person, die Teil der Firma ist, weitergeleitet werden, um die rechtliche, administrative, steuerliche und buchhalterische Verwaltung, die dieser Firma anvertraut ist, durchzuf\u00fchren. Die Weitergabe von Daten an Dritte erfolgt nur aufgrund gesetzlicher Verpflichtung oder mit Ihrer Zustimmung.<\/p>\n<p>3.- Bei den zu verarbeitenden Daten handelt es sich im Wesentlichen um Identifizierungs- und Kontaktdaten, die Sie oder Dritte in Ihrem Namen uns durch Mitteilungen an diese Website, wie z.B. Konsultationsformulare, zur Verf\u00fcgung stellen, sowie um Daten, die sich aus Ihren Anrufen, Faxen, E-Mails und anderen Konsultations- oder Kontaktm\u00f6glichkeiten ergeben.<\/p>\n<p>4.- Zur Aus\u00fcbung Ihrer gesetzlichen Rechte auf Best\u00e4tigung, Berichtigung, L\u00f6schung, \u00c4nderung oder Widerspruch sowie aller anderen Rechte, die von den geltenden Datenschutzbestimmungen anerkannt werden, k\u00f6nnen Sie sich schriftlich an Bufete Foz &amp; Asociados, Avinguda Alemanya 15 escalera A-5-21 07003 Palma de Mallorca, Illes Balears, oder per E-Mail an <a href=\"mailto:info@bufetefoz.com\">info@bufetefoz.com<\/a> wenden, wobei Sie in beiden F\u00e4llen &#8222;<strong>Datenschutz<\/strong>&#8220; angeben m\u00fcssen.<\/p>\n<\/div><\/section><\/div><div class=\"flex_column av_one_fifth  flex_column_div av-zero-column-padding   avia-builder-el-6  el_after_av_three_fifth  avia-builder-el-last  \" style='border-radius:0px; '><\/div><\/p>\n","protected":false},"excerpt":{"rendered":"","protected":false},"author":1,"featured_media":0,"parent":0,"menu_order":0,"comment_status":"closed","ping_status":"closed","template":"","meta":{"footnotes":""},"class_list":["post-1936","page","type-page","status-publish","hentry"],"yoast_head":"<!-- This site is optimized with the Yoast SEO plugin v26.7 - https:\/\/yoast.com\/wordpress\/plugins\/seo\/ -->\n<title>Datenschutzpolitik - Bufete Foz<\/title>\n<meta name=\"robots\" content=\"index, follow, max-snippet:-1, max-image-preview:large, max-video-preview:-1\" \/>\n<link rel=\"canonical\" href=\"https:\/\/www.bufetefoz.com\/de\/datenschutzpolitik\/\" \/>\n<meta property=\"og:locale\" content=\"de_DE\" \/>\n<meta property=\"og:type\" content=\"article\" \/>\n<meta property=\"og:title\" content=\"Datenschutzpolitik - Bufete Foz\" \/>\n<meta property=\"og:url\" content=\"https:\/\/www.bufetefoz.com\/de\/datenschutzpolitik\/\" \/>\n<meta property=\"og:site_name\" content=\"Bufete Foz\" \/>\n<meta property=\"article:modified_time\" content=\"2020-11-13T14:50:51+00:00\" \/>\n<meta name=\"twitter:card\" content=\"summary_large_image\" \/>\n<meta name=\"twitter:label1\" content=\"Gesch\u00e4tzte Lesezeit\" \/>\n\t<meta name=\"twitter:data1\" content=\"4\u00a0Minuten\" \/>\n<script type=\"application\/ld+json\" class=\"yoast-schema-graph\">{\"@context\":\"https:\/\/schema.org\",\"@graph\":[{\"@type\":\"WebPage\",\"@id\":\"https:\/\/www.bufetefoz.com\/de\/datenschutzpolitik\/\",\"url\":\"https:\/\/www.bufetefoz.com\/de\/datenschutzpolitik\/\",\"name\":\"Datenschutzpolitik - Bufete Foz\",\"isPartOf\":{\"@id\":\"https:\/\/www.bufetefoz.com\/en\/#website\"},\"datePublished\":\"2019-01-21T18:46:27+00:00\",\"dateModified\":\"2020-11-13T14:50:51+00:00\",\"breadcrumb\":{\"@id\":\"https:\/\/www.bufetefoz.com\/de\/datenschutzpolitik\/#breadcrumb\"},\"inLanguage\":\"de\",\"potentialAction\":[{\"@type\":\"ReadAction\",\"target\":[\"https:\/\/www.bufetefoz.com\/de\/datenschutzpolitik\/\"]}]},{\"@type\":\"BreadcrumbList\",\"@id\":\"https:\/\/www.bufetefoz.com\/de\/datenschutzpolitik\/#breadcrumb\",\"itemListElement\":[{\"@type\":\"ListItem\",\"position\":1,\"name\":\"Portada\",\"item\":\"https:\/\/www.bufetefoz.com\/de\/\"},{\"@type\":\"ListItem\",\"position\":2,\"name\":\"Datenschutzpolitik\"}]},{\"@type\":\"WebSite\",\"@id\":\"https:\/\/www.bufetefoz.com\/en\/#website\",\"url\":\"https:\/\/www.bufetefoz.com\/en\/\",\"name\":\"Bufete Foz\",\"description\":\"Bufete de abogados en Palma de Mallorca\",\"potentialAction\":[{\"@type\":\"SearchAction\",\"target\":{\"@type\":\"EntryPoint\",\"urlTemplate\":\"https:\/\/www.bufetefoz.com\/en\/?s={search_term_string}\"},\"query-input\":{\"@type\":\"PropertyValueSpecification\",\"valueRequired\":true,\"valueName\":\"search_term_string\"}}],\"inLanguage\":\"de\"}]}<\/script>\n<!-- \/ Yoast SEO plugin. -->","yoast_head_json":{"title":"Datenschutzpolitik - Bufete Foz","robots":{"index":"index","follow":"follow","max-snippet":"max-snippet:-1","max-image-preview":"max-image-preview:large","max-video-preview":"max-video-preview:-1"},"canonical":"https:\/\/www.bufetefoz.com\/de\/datenschutzpolitik\/","og_locale":"de_DE","og_type":"article","og_title":"Datenschutzpolitik - Bufete Foz","og_url":"https:\/\/www.bufetefoz.com\/de\/datenschutzpolitik\/","og_site_name":"Bufete Foz","article_modified_time":"2020-11-13T14:50:51+00:00","twitter_card":"summary_large_image","twitter_misc":{"Gesch\u00e4tzte Lesezeit":"4\u00a0Minuten"},"schema":{"@context":"https:\/\/schema.org","@graph":[{"@type":"WebPage","@id":"https:\/\/www.bufetefoz.com\/de\/datenschutzpolitik\/","url":"https:\/\/www.bufetefoz.com\/de\/datenschutzpolitik\/","name":"Datenschutzpolitik - Bufete Foz","isPartOf":{"@id":"https:\/\/www.bufetefoz.com\/en\/#website"},"datePublished":"2019-01-21T18:46:27+00:00","dateModified":"2020-11-13T14:50:51+00:00","breadcrumb":{"@id":"https:\/\/www.bufetefoz.com\/de\/datenschutzpolitik\/#breadcrumb"},"inLanguage":"de","potentialAction":[{"@type":"ReadAction","target":["https:\/\/www.bufetefoz.com\/de\/datenschutzpolitik\/"]}]},{"@type":"BreadcrumbList","@id":"https:\/\/www.bufetefoz.com\/de\/datenschutzpolitik\/#breadcrumb","itemListElement":[{"@type":"ListItem","position":1,"name":"Portada","item":"https:\/\/www.bufetefoz.com\/de\/"},{"@type":"ListItem","position":2,"name":"Datenschutzpolitik"}]},{"@type":"WebSite","@id":"https:\/\/www.bufetefoz.com\/en\/#website","url":"https:\/\/www.bufetefoz.com\/en\/","name":"Bufete Foz","description":"Bufete de abogados en Palma de Mallorca","potentialAction":[{"@type":"SearchAction","target":{"@type":"EntryPoint","urlTemplate":"https:\/\/www.bufetefoz.com\/en\/?s={search_term_string}"},"query-input":{"@type":"PropertyValueSpecification","valueRequired":true,"valueName":"search_term_string"}}],"inLanguage":"de"}]}},"_links":{"self":[{"href":"https:\/\/www.bufetefoz.com\/de\/wp-json\/wp\/v2\/pages\/1936","targetHints":{"allow":["GET"]}}],"collection":[{"href":"https:\/\/www.bufetefoz.com\/de\/wp-json\/wp\/v2\/pages"}],"about":[{"href":"https:\/\/www.bufetefoz.com\/de\/wp-json\/wp\/v2\/types\/page"}],"author":[{"embeddable":true,"href":"https:\/\/www.bufetefoz.com\/de\/wp-json\/wp\/v2\/users\/1"}],"replies":[{"embeddable":true,"href":"https:\/\/www.bufetefoz.com\/de\/wp-json\/wp\/v2\/comments?post=1936"}],"version-history":[{"count":6,"href":"https:\/\/www.bufetefoz.com\/de\/wp-json\/wp\/v2\/pages\/1936\/revisions"}],"predecessor-version":[{"id":2543,"href":"https:\/\/www.bufetefoz.com\/de\/wp-json\/wp\/v2\/pages\/1936\/revisions\/2543"}],"wp:attachment":[{"href":"https:\/\/www.bufetefoz.com\/de\/wp-json\/wp\/v2\/media?parent=1936"}],"curies":[{"name":"wp","href":"https:\/\/api.w.org\/{rel}","templated":true}]}}

<div id='av_section_1'  class='avia-section main_color avia-section-default avia-no-border-styling  avia-bg-style-scroll  avia-builder-el-0  el_before_av_section  avia-builder-el-first   container_wrap fullsize' style='background-color: #02072f;background-image: linear-gradient(#02072f,#0f112d); '  ><div class='container' ><main  role="main" itemprop="mainContentOfPage"  class='template-page content  av-content-full alpha units'><div class='post-entry post-entry-type-page post-entry-1936'><div class='entry-content-wrapper clearfix'>
<div  style='padding-bottom:10px; color:#ffffff;' class='av-special-heading av-special-heading-h1 custom-color-heading blockquote modern-quote modern-centered  avia-builder-el-1  avia-builder-el-no-sibling  text-header '><h1 class='av-special-heading-tag '  itemprop="headline"  >Datenschutzpolitik</h1><div class='special-heading-border'><div class='special-heading-inner-border' style='border-color:#ffffff'></div></div></div>
</div></div></main><!-- close content main element --></div></div><div id='av_section_2'  class='avia-section main_color avia-section-default avia-no-border-styling  avia-bg-style-scroll  avia-builder-el-2  el_after_av_section  avia-builder-el-last   container_wrap fullsize' style=' '  ><div class='container' ><div class='template-page content  av-content-full alpha units'><div class='post-entry post-entry-type-page post-entry-1936'><div class='entry-content-wrapper clearfix'>
<div class="flex_column av_one_fifth  flex_column_div av-zero-column-padding first  avia-builder-el-3  el_before_av_three_fifth  avia-builder-el-first  " style='border-radius:0px; '></div><div class="flex_column av_three_fifth  flex_column_div av-zero-column-padding   avia-builder-el-4  el_after_av_one_fifth  el_before_av_one_fifth  " style='border-radius:0px; '><section class="av_textblock_section "  itemscope="itemscope" itemtype="https://schema.org/CreativeWork" ><div class='avia_textblock  '   itemprop="text" ><p>Für die Zwecke dieser Verordnung gilt Folgendes in der EU-Verordnung 2016/679 vom 27. April 2016, dem Organgesetz 15/1999 über den Schutz personenbezogener Daten und der Verordnung 1720/2007 informiert Bufete Foz &amp; Asociados die Benutzer über Folgendes:</p>
<p>1.- Der Verantwortliche für die auf dieser Website gesammelten persönlichen Daten ist Carles Foz Moreno, mit Sitz in Avinguda Alemanya 15 escalera A-5º-2ª, 07003 Palma</p>
<p>2.- Alle persönlichen Daten, die Sie Bufete Foz &amp; Asociados jederzeit freiwillig zur Verfügung stellen, können an jede Person, die Teil der Firma ist, weitergeleitet werden, um die rechtliche, administrative, steuerliche und buchhalterische Verwaltung, die dieser Firma anvertraut ist, durchzuführen. Die Weitergabe von Daten an Dritte erfolgt nur aufgrund gesetzlicher Verpflichtung oder mit Ihrer Zustimmung.</p>
<p>3.- Bei den zu verarbeitenden Daten handelt es sich im Wesentlichen um Identifizierungs- und Kontaktdaten, die Sie oder Dritte in Ihrem Namen uns durch Mitteilungen an diese Website, wie z.B. Konsultationsformulare, zur Verfügung stellen, sowie um Daten, die sich aus Ihren Anrufen, Faxen, E-Mails und anderen Konsultations- oder Kontaktmöglichkeiten ergeben.</p>
<p>4.- Zur Ausübung Ihrer gesetzlichen Rechte auf Bestätigung, Berichtigung, Löschung, Änderung oder Widerspruch sowie aller anderen Rechte, die von den geltenden Datenschutzbestimmungen anerkannt werden, können Sie sich schriftlich an Bufete Foz &amp; Asociados, Avinguda Alemanya 15 escalera A-5-21 07003 Palma de Mallorca, Illes Balears, oder per E-Mail an <a href="mailto:info@bufetefoz.com">info@bufetefoz.com</a> wenden, wobei Sie in beiden Fällen &#8222;<strong>Datenschutz</strong>&#8220; angeben müssen.</p>
</div></section></div><div class="flex_column av_one_fifth  flex_column_div av-zero-column-padding   avia-builder-el-6  el_after_av_three_fifth  avia-builder-el-last  " style='border-radius:0px; '></div></p>

<!-- This site is optimized with the Yoast SEO plugin v26.7 - https://yoast.com/wordpress/plugins/seo/ -->
<title>Datenschutzpolitik - Bufete Foz</title>
<meta name="robots" content="index, follow, max-snippet:-1, max-image-preview:large, max-video-preview:-1" />
<link rel="canonical" href="https://www.bufetefoz.com/de/datenschutzpolitik/" />
<meta property="og:locale" content="de_DE" />
<meta property="og:type" content="article" />
<meta property="og:title" content="Datenschutzpolitik - Bufete Foz" />
<meta property="og:url" content="https://www.bufetefoz.com/de/datenschutzpolitik/" />
<meta property="og:site_name" content="Bufete Foz" />
<meta property="article:modified_time" content="2020-11-13T14:50:51+00:00" />
<meta name="twitter:card" content="summary_large_image" />
<meta name="twitter:label1" content="Geschätzte Lesezeit" />
	<meta name="twitter:data1" content="4 Minuten" />
<script type="application/ld+json" class="yoast-schema-graph">{"@context":"https://schema.org","@graph":[{"@type":"WebPage","@id":"https://www.bufetefoz.com/de/datenschutzpolitik/","url":"https://www.bufetefoz.com/de/datenschutzpolitik/","name":"Datenschutzpolitik - Bufete Foz","isPartOf":{"@id":"https://www.bufetefoz.com/en/#website"},"datePublished":"2019-01-21T18:46:27+00:00","dateModified":"2020-11-13T14:50:51+00:00","breadcrumb":{"@id":"https://www.bufetefoz.com/de/datenschutzpolitik/#breadcrumb"},"inLanguage":"de","potentialAction":[{"@type":"ReadAction","target":["https://www.bufetefoz.com/de/datenschutzpolitik/"]}]},{"@type":"BreadcrumbList","@id":"https://www.bufetefoz.com/de/datenschutzpolitik/#breadcrumb","itemListElement":[{"@type":"ListItem","position":1,"name":"Portada","item":"https://www.bufetefoz.com/de/"},{"@type":"ListItem","position":2,"name":"Datenschutzpolitik"}]},{"@type":"WebSite","@id":"https://www.bufetefoz.com/en/#website","url":"https://www.bufetefoz.com/en/","name":"Bufete Foz","description":"Bufete de abogados en Palma de Mallorca","potentialAction":[{"@type":"SearchAction","target":{"@type":"EntryPoint","urlTemplate":"https://www.bufetefoz.com/en/?s={search_term_string}"},"query-input":{"@type":"PropertyValueSpecification","valueRequired":true,"valueName":"search_term_string"}}],"inLanguage":"de"}]}</script>
<!-- / Yoast SEO plugin. -->
